alue of 35 + -3 + -10 + 8 - 15?
15
-54 - (-57 - -29) - -41
15
Calculate 41 + -33 + (0 - -4 - 1).
11
Evaluate 14 - 2 - (-43 + 41 - 5).
19
What is (0 - -6) + (16 - 13) - 13?
-4
What is the value of -18 + 5 + 29 - 13?
3
What is -1 - -29 - (19 + (2 - 11))?
18
What is the value of -17 + (-25 - (-20 + 6 + 0))?
-28
What is 9 + 4 + 7 + 6 + -22?
4
Calculate (273 - 274 - (-8 + -2 + 1)) + 12.
20
Calculate (4 - -2) + (-4 - 10).
-8
Calculate -8 + 16 + (9 - 7 - 39).
-29
Calculate (-16 - (-14 - (-21 + 18))) + -9.
-14
Evaluate 54 + -67 - (0 + -5).
-8
0 - (-210 + 185 - (-5 + 0))
20
What is the value of 11 + -29 + 10 + 21 + 7 + 0?
20
Evaluate 12 - 0 - (152 - 146) - 3.
3
Evaluate 9 + -9 + -11 - (-5 - -9).
-15
Evaluate (-21 - (-31 - -9)) + (0 - -1).
2
What is -7 + (5 - 8 - -16) - 10?
-4
Evaluate -2 - 6 - ((3 - -2 - 11) + 5).
-7
Calculate (12 + -17 - -22) + -27.
-10
Calculate -12 + (27 - 15) + 4 + 1.
5
Calculate -28 - (-13 + 37 - 51).
-1
-802 + 808 + (1 + -25 - 0)
-18
What is the value of 77 - 62 - (3 + 3)?
9
Evaluate 12 - (-5 - -13) - (9 + 2).
-7
What is 11 - ((-11 - -19 - 4) + -14)?
21
What is 9 - (72 - 70 - (1 - -4))?
12
9 + -6 + -5 - (-8 + -7 + 33)
-20
Evaluate 39 + (7 - 22) + -18 + 29.
35
Evaluate (9 - (4 - 1)) + -10 - -10.
6
-14 + (8 - (10 + -2) - (-1 - 5))
-8
What is 0 - (-8 - 1) - (-172 - -174)?
7
What is 12 + -37 + 18 - -1?
-6
Calculate 3 + 17 - (3 + (8 - 5) + -9).
23
-28 - (22 - 41) - -11
2
3 + (-7 - -9) + -27
-22
What is the value of 21 + -35 + 12 - (10 - (2 - 4))?
-14
What is -3 - -3 - (-1 - -17 - 15)?
-1
7 - (15 + (17 - 35 - (-8 + -1)))
1
(24 - 8) + -18 - (3 + (-1 - 1))
-3
Calculate -3 - (-25 - -6) - 14.
2
Calculate -6 + (-3 - -2) + 5 + -28 + 28.
-2
13 - (13 + (-16 - -9)) - (-3 + -4)
14
Calculate 21 - 18 - 1 - 10.
-8
Evaluate -2 - (1 - 0) - (2 - 0) - -2.
-3
What is -12 + (2 - 14) - -10?
-14
Calculate (-6 - 1) + (-30 + 8 - -20).
-9
2 + 5 + (8 + -4 - (-1 + 1))
11
Calculate (2 + -9 - 4) + 2 + (4 - -5).
0
What is 1 + -10 + 8 - (-4 + -2 + -6)?
11
Calculate 5 + (2 + -25 - -4 - (-2 - -12)).
-24
What is -4 + 11 + -2 + 7?
12
Evaluate 1 + 15 - 3 - ((-8 - -10) + 5).
6
Evaluate 7 - (6 + -4) - (13 + 3).
-11
Evaluate 3 - 0 - (-17 + (-2 - -15) - -10).
-3
What is the value of 17 + (-23 - -11) + -7 - 31?
-33
7 - (11 - (-30 + (-3 - -3) + 7))
-27
-11 - (13 + -5 + -25)
6
Calculate 15 + (-12 - 5) + 11.
9
What is -8 + (-4 - 0) - (-5 - -3)?
-10
Evaluate -4 - ((17 - 0) + -14).
-7
Calculate (-8 - -21) + (-10 - -11) + 5.
19
Calculate -1 + -4 - ((-20 - -23) + 1).
-9
Calculate 13 + 3 - (1 + 8 + -2).
9
Calculate -32 - (-4 + 1 + 140 + -153).
-16
What is -6 - (18 - 29 - -4)?
1
What is the value of (-114 - -135) + -20 + 0?
1
0 + 42 + -44 + (0 - -11)
9
Calculate 6 - (19 + -2 + (13 - (16 + -6))).
-14
What is 6 + (10 - 31) - (28 - 24)?
-19
What is -2 - 3 - (3 - 5 - 4)?
1
Evaluate -5 + 32 + -8 + -3.
16
What is 6 + -4 + -2 - (-2 - -11)?
-9
Calculate 6 + -3 + -3 + (-5 - 0).
-5
Calculate -27 + 31 + -16 + -1.
-13
Calculate -11 - (18 + 11 + -37).
-3
What is the value of -11 + (29 - 12) - (-1 + -9)?
16
What is 8 - (14 + 13 + -21) - (-1 + 1)?
2
What is -16 - (11 - 17) - (3 - (2 - -9))?
-2
(0 + -7 - -6 - 7) + 5
-3
(-24 + 26 - (-1 - -2)) + (-26 - -12)
-13
Calculate -7 + 3 + (-2 - -5) + 1.
0
What is -8 + (10 - 15) - -25?
12
What is the value of 0 - -10 - (-38 - -19 - -20)?
9
Evaluate -15 - ((-3 - (18 - 15)) + (-1 - -15)).
-23
What is -3 + 48 - 38 - (14 - -1)?
-8
Evaluate -18 + (17 - 34) - -43.
8
-1 - ((9 - 12) + -31 + 12)
21
Calculate (7 - (-13 + 16) - 4) + -36.
-36
What is -7 + 1 + -2 + -71 + (-8 - -88)?
1
What is 16 + (2 - (8 + -16 + 9))?
17
Calculate -28 + 18 - (2 + -4 + -1 - 12).
5
Evaluate 40 - (-30 + (-29 - -93)).
6
(4 - 8 - 4) + 5 + -4 + -6
-13
Evaluate (11 - (-10 + (53 - 8))) + -1 - 4.
-29
Calculate 9 + -14 + -1 + (22 - 1).
15
What is the value of (9 - (6 + -20 + 3)) + -1 + -5?
14
What is the value of -4 - (-15 + 5) - 11 - (-1 + 2)?
-6
Calculate (-2 - -5 - 9) + 3 + 4.
1
What is the value of 0 + (-53 - -56) + (-13 - -1)?
-9
What is the value of -14 + 5 + (-8 + 6 - 1)?
-12
Calculate (69 + -26 - 57) + 0 + 1.
-13
What is 22 + (-5 - 12) + -17?
-12
Evaluate 94 - (191 - 87) - ((1 - 0) + -6).
-5
Calculate -3 + 11 - (-25 - -21 - (-10 + 0)).
2
What is 6 + (0 + (-3 - -1) - 0)?
4
-2 + (8 - 0) - (-477 - -473)
10
What is -5 + (25 - 7 - 8) + -20?
-15
Calculate (57 - (36 + -8)) + (-1 - -9).
37
37 - (-42 + 67 + 6)
6
Calculate 8 + 32 + -50 + 26.
16
Calculate -3 + -2 + (-2 - -8 - -8).
9
Evaluate -3 + ((-7 - -16) + -19 - (-6 + 1)).
-8
What is -1 + 0 - ((-2 - -24 - -11) + -11)?
-23
What is the value of -2 - (19 + (10 + (-11 - -6) - -1))?
-27
What is (-19 - (-6 + -1)) + 13?
1
What is -11 + (-10 - -4) + 15 + -5?
-7
Calculate (0 + 4 - 4) + -42 + (7 - -29).
-6
What is the value of (1645 - 1644) + 1 + -8?
-6
Calculate 18 + (7 - -1 - 0) - -2.
28
Evaluate (-8 - 0) + (-26 - (-38 - -26)).
-22
-3 + 24 + -10 + -16
-5
0 + -4 + 4 + -6 - (-17 + 13)
-2
4 - (-1 - (2 + -2)) - (9 + 9)
-13
Evaluate 17 - (-14 - (-14 - 4)).
13
Calculate (3 + -2 - -12) + 7 - (0 - -4).
16
(-126 - -165) + (-1 - 18) - (0 + 6)
14
Calculate 3 + 4 + -6 + -6.
-5
What is -17 + 9 + (-23 - -15 - -25)?
9
(564 + -546 - (57 - 0)) + 1 + 0
-38
Evaluate 21 + -1 + -12 - (-14 + 2).
20
Evaluate 9 + 0 - ((49 - 98) + 48).
10
Calculate (28 - 48) + 4 + 23.
7
Evaluate 38 + -22 - 33 - (1 + 0 + -7).
-11
What is 7 - 22 - (1 - 0 - 8)?
-8
What is -18 - -1 - (3 + (-20 - (-22 + 11)))?
-11
Calculate -17 + -2 - (14 + -76 + 50).
-7
Evaluate (-5 + -7 - -17) + 9.
14
What is the value of 31 - 41 - (-4 + 1)?
-7
What is the value of (1 - -11) + -4 + -9 + (10 - 1)?
8
3 + -3 + 2 + -4 + (1 - 3)
-4
Calculate (-105 + 80 - -58) + 1 + 1 + -4.
31
Calculate -16 - -13 - (-8 - -3) - -7.
9
10 + -32 + 9 - (-21 + 39)
-31
What is the value of -7 + (-30 - -51) + -27?
-13
(-10 - (12 + -19)) + 13
10
What is the value of (-11 + 5 + -8 - -6) + 11 + 8?
11
Calculate 16 + -9 + (3 - 1 - 4).
5
What is (0 - 37) + -428 + 458?
-7
12 + 17 + -37 + 23
15
-6 - (21 + -23 - -19)
-23
(2 - 0) + (-5 + 22 - 12)
7
Evaluate -5 + 1 + 0 + (6 - 0 - 2).
0
What is the value of 9 + (-7 - -2 - (5 - (-17 - -37)))?
19
0 - (14 + 17 + -23)
-8
Calculate -6 + (20 + -6 - (-16 + 6)).
18
What is 2 + -1 + (185 + -155 - (20 + 0))?
11
0 - ((-9 - 8) + 5) - -3
15
What is -4 + (-9 - -22 - 14)?
-5
Calculate 1 - (6 + -8 + -4 - 2).
9
Evaluate (-209 - -172) + 29 + 3.
-5
What is the value of -34 + (12 - -1) + 18?
-3
What is the value of -6 - (0 - 3 - (82 - 73))?
6
Evaluate -1 + 8 + 12 + -45 + 38.
12
What is (-16 - 12) + (10 + 0 - 15)?
-33
Evaluate (-16 - -6) + 26 + -13.
3
Evaluate (-6 - -3) + 1 - (-11 - 8 - -14).
3
Calculate 2 - -23 - (1 - -11).
13
What is the value of 263 - 303 - (2 - 61)?
19
What is the value of -711 - -700 - (3 + 0)?
-14
Evaluate (7 - (-47 - -15)) + -2 + -5 + -2.
30
What is (-1 - -35) + (8 - -13) + -37?
18
What is 6 + -2 + -11 + 1?
-6
What is (-9 - (3 - 11)) + (-3 - 2)?
-6
-24 + 67 + (42 - 78)
7
Evaluate (-1 - -2) + 4 + (-25 - -22) + 9.
11
Calculate (-3 - (-5 - (3 + -10 - -6))) + -10.
-9
-32 + (18 - -21) + 1 + 2
10
What is 2 + 1 + -2 + (-3 - 13) + -3?
-18
What is the value of -7 + -8 - -10 - 11?
-16
What is the value of -8 + 8 + -3 + (-1 - -9)?
5
Evaluate 5 + -2 + 2 + -1 + 0 + 17.
21
Calculate -3 - (-3 + -5) - (11 - (0 - -19)).
13
What is the value of 20 + -36 + (18 - -10)?
12
Calculate -8 + (7 - (13 + -6)) + 13.
5
Evaluate 8 - 1 - (-245 + 249).
3
Calculate (7 + -8 + -2 - -7) + -1 + -23.
-20
What is the value of -3 + 2 - (-10 + (-12 - -10) + 23)?
-12
Calculate 29 + (74 - 90 - (2 - 11)).
22
Evaluate -21 + 0 - (-15 - 17).
11
Calculate (-2 - (3 + 13)) + 43 + -47.
-22
What is the value of 6 + (-41 - (45 + -106))?
26
Evaluate (0 + 3 - (228 - 228)) + -18 + -2.
-17
-1 + -8 + -11 + (23 - 4)
-1
Evaluate 6 + (11 - 25 - -4) + 7.
3
15 - (-6 + -2 + 37) - -10
-4
Calculate -3 + 2 + -11 + 23 - 15.
-4
What is (0 + 2 - 7) + (370 - 369)?
-4
What is 21 - (9 - 4) - (-7 - -16)?
7
What is the value of -5 + (-16 - (13 - 20)) - -6?
-8
Evaluate -20 + 1 - (4 - (4 + 0)).
-19
(17 + -8 - -17) + (0 - -4) - 1
29
(2 - (6 + (0 - -4 - 11))) + 16
19
Calculate -1 - (-3 + 14 + -24).
12
Calculate -86 + 90 - (5 + -7 - -6).
0
What is -68 - -69 - (8 + -1) - (2 + -3)?
-5
17 + (3 - 7) + (-4 - -17)
26
-5 + 7 + 0 + (21 - 2 - 13)
8
Calculate -84 + 88 + -4 + (3 - (1 + 0)).
